*a + 479 = k, -3*k + 777 = -5*a - 690. Suppose -r - 4*r = -130. What is the greatest common factor of k and r?
26
Let k be ((22 + (-1072)/48)/(2/18))/(-3). Suppose 2*d + 2 = 28. Calculate the highest common factor of k and d.
1
Let t be 14 - 4*9/12. Suppose -4*j = -3*p - t, j + 3*p = -3*j + 29. Let n be 7 - (3 + (-35)/j). Calculate the greatest common factor of 88 and n.
11
Suppose -38 = -3*w - c, -3*w = 99*c - 95*c - 53. What is the greatest common divisor of w and 1793?
11
Let a(b) = -5*b**2 - 24*b + 34. Let w be a(-16). Let s = w - -872. Let r(t) = t**2 - 4*t + 5. Let z be r(5). What is the greatest common factor of s and z?
10
Let f be (16 + 708/(-42))/(2/(-364)). Calculate the greatest common factor of f and 3.
3
Let s(g) = 4*g - 18. Let o be s(6). Suppose -o = 6*a - 18. Suppose 6 + a = t. What is the greatest common divisor of t and 12?
4
Let b = -3295 + 3431. What is the highest common factor of 3060 and b?
68
Suppose 5999 = 12*v - 5521. What is the greatest common factor of v and 168?
24
Suppose 45*x = -2*m + 50*x + 454, -5*m - 2*x + 1193 = 0. What is the greatest common divisor of 39 and m?
3
Let s = 145 + -147. Let w(y) = -4*y + 5. Let d be w(s). What is the greatest common factor of d and 13?
13
Suppose -1571*x = -1570*x - 4, 76 = 4*f - 2*x. Calculate the greatest common divisor of f and 1099.
7
Let a be 167 - -37 - (-1 - -1)/(6 - 4). What is the greatest common factor of 600 and a?
12
Let v be (-4)/6 - 1911/9. Let p = 1403 + v. Suppose p = 2*c + 3*c. Calculate the greatest common divisor of 34 and c.
34
Suppose -2*d - 15 = -3*d. Let k = 70888 - 70868. What is the greatest common divisor of d and k?
5
Let c(h) = -h**3 - 4*h**2 - 64*h + 5. Let y be c(-19). What is the greatest common factor of y and 28?
28
Let u = 3070 + -2995. Let o be (-276)/(-2) - (-5)/(5/(-3)). Calculate the highest common factor of u and o.
15
Suppose 171*k - 20 = 166*k, 3*k = -n + 1139. Calculate the greatest common factor of n and 98.
49
Let u(j) = -148*j + 6. Let t(i) = i + 1. Let l(a) = -6*t(a) - u(a). Let o be l(2). Calculate the highest common divisor of o and 34.
34
Let j(l) = 8*l + 124. Let d be j(9). Suppose 0 = 3*p - u - 169, -u - 4 = -3. Calculate the highest common divisor of d and p.
28
Suppose -320 = -2*n - 3*n. Suppose n = b - 0*b. Suppose -2*t + 66 = -126. Calculate the highest common divisor of t and b.
32
Let y = -10535 - -12485. What is the highest common factor of y and 195?
195
Let p be 860/180 - 8/(-36). Suppose -p*g + 2*r = -600, 360 = 3*g + 25*r - 28*r. What is the greatest common divisor of g and 80?
40
Let m(n) = n**3 + 15*n**2 + n + 17. Let k be m(-15). What is the greatest common divisor of k and 476?
2
Let v be (-8 - -2)*1 + 22556 - -9. What is the greatest common divisor of v and 17?
17
Let g be (-2 - -5)*(-30)/(-9). Suppose j + g = 2*j. Suppose j*r = 135 + 25. What is the highest common factor of r and 40?
8
Let t be 9/3 + 9 + 3. Calculate the greatest common factor of 65 and t.
5
Let a be (-2)/((9/2)/(-9)). Suppose -33*w = -36*w - 3*s + 1542, 0 = 5*w + a*s - 2569. Calculate the greatest common factor of w and 57.
57
Suppose -126*d = -114*d + 2928. Let m = -202 - d. Calculate the highest common divisor of 84 and m.
42
Let z be (1 + 33/12)/(21/(-560)). Let i = -98 - z. Calculate the highest common factor of 37 and i.
1
Suppose 5284 - 1328 = u. Calculate the highest common divisor of u and 172.
172
Let p(q) = -q**3 - 7*q**2 - 11*q + 4. Let u be 6*(-4 + 5) + -9. Let j be p(u). What is the greatest common factor of 5 and j?
1
Let q be (279/(-5))/((-576)/18240). What is the greatest common divisor of 399 and q?
57
Let d be (-16)/12 + 4/(-6). Let i be d/(-7) - (-330)/70. Suppose 0 = 3*l + 3*p - 73 - 41, -i*p = -3*l + 98. Calculate the highest common factor of 6 and l.
6
Let i be (-8*1)/(20/(-520)). Suppose 5*s - 142 = i. What is the greatest common factor of s and 10?
10
Suppose 47*t - 124 = 239 + 107. What is the highest common divisor of t and 535?
5
Suppose -2*v = 8*v + 30. Let b(a) = 99*a**2 + 9*a + 18. Let u be b(v). Calculate the highest common factor of u and 18.
18
Suppose -37 = 4*l + 67. Let u be (-6)/(-39) - 100/l. Suppose -4*q - 14*s + 182 = -17*s, -q - 2*s + 40 = 0. What is the greatest common factor of u and q?
4
Suppose -271*v = -276*v + 2450. Calculate the highest common divisor of 20 and v.
10
Suppose 0 = 3*q + 5*r - 107, -6*q + 5*r + 125 = -q. Suppose -6291 = -24*p - 27. Calculate the highest common divisor of q and p.
29
Let s = -31 + -74. Let b = s + 120. What is the greatest common divisor of 75 and b?
15
Let k be ((-9)/7)/((-16)/112). Calculate the greatest common divisor of 1467 and k.
9
Let o be 9 - 20 - -3 - -27. Calculate the highest common divisor of 2603 and o.
19
Let i be (-39)/(1/2*(-2 - 0/(-8))). Suppose 0*k + 12 = -3*k, 2*t = -k + 126. Calculate the highest common factor of t and i.
13
Let d(w) = 5*w**2 - 12*w - 39. Let z be d(6). Calculate the highest common divisor of z and 1472.
23
Let y(k) = -3*k**3 + 8*k**2 + 14*k + 32. Let z be y(-4). Calculate the highest common divisor of z and 2849.
37
Let d(v) = 170*v**2 + 1. Suppose -9*j + 13*j + 16 = 0. Let k be 6/j + (-60)/(-24). Let r be d(k). Calculate the greatest common factor of 19 and r.
19
Suppose 1058*q - 2687 = 1090*q - 12735. Calculate the greatest common divisor of 2 and q.
2
Let l = -70 - 296. Let q = 457 + l. Calculate the greatest common factor of q and 39.
13
Let z = -6346 - -6420. Calculate the highest common factor of z and 2738.
74
Let j = 331113 - 331111. Let p(t) = 12*t + 1. Let n be p(1). Calculate the greatest common factor of j and n.
1
Suppose 4*d + q - 415 = 471, -1107 = -5*d - q. Suppose 81*f - d = 80*f. Let p(z) = 16*z**2 + 1. Let w be p(1). What is the greatest common factor of w and f?
17
Suppose -d = -i + 1, 0 = i + 8*d - 4*d - 26. Let y be 2*1*(7 + i). What is the greatest common divisor of y and 1?
1
Suppose -5*t + 21069 = -b, 4*b = 735*t - 738*t + 12646. What is the greatest common divisor of 42 and t?
14
Let t = 107 + -36. Suppose 244 = 4*z - 5*d + t, -3*z + 136 = -5*d. Suppose 166 = 2*n - 2*u, n + u - z = 40. Calculate the greatest common divisor of 40 and n.
40
Suppose -490 + 70 = -3*f. Let l be 4/(-14) - (-600)/f. Let u be -5*(-12)/(-45)*-42. What is the highest common factor of l and u?
4
Suppose -3*o = -r - 15 - 20, r = -2*o + 15. Suppose 11*w - 4*v - 29 = o*w, v = 4*w - 146. What is the greatest common divisor of w and 592?
37
Let m(f) = f**2 - 49*f + 177. Let z be m(48). Calculate the greatest common factor of z and 172.
43
Let p = -14 - 72. Let z = p - -93. Let q be (-4)/(-2) - (-4 + z - 14). Calculate the greatest common factor of 52 and q.
13
Let w(r) = -12*r**3 + r**2 - 1. Let g be w(-1). Suppose 765*n - 666*n - 10098 = 0. What is the highest common divisor of n and g?
6
Suppose 40 = 18*x - 13*x. Suppose -2*m + 4*m - x = 0. Suppose m*y + 3*j = 7*j + 128, 0 = 5*y - 3*j - 150. Calculate the greatest common factor of y and 54.
27
Suppose -17*t - 367 + 112 = 0. Let x(w) = -w**3 - 15*w**2 + 7*w - 12. Let c be x(t). Let o = c + 126. Calculate the highest common divisor of o and 153.
9
Let i = 20 + -8. Suppose -26*p - 43956 = -3*p - 122*p. What is the highest common factor of p and i?
12
Let g(u) = -u**3 - 12*u**2 - 23*u - 20. Let r be g(-10). Let m = 2 - 0. Let t be (24/r)/(m/5). Calculate the greatest common divisor of 48 and t.
6
Let t be -1 + 2 + 1 + 6. Suppose 7*m - 1 = 139. Let j be 220/m - 3/1. What is the greatest common factor of j and t?
8
Let r(l) = l**2 + 76*l + 692. Let v be r(-10). Calculate the highest common factor of 992 and v.
32
Let w = 19 - 14. Suppose -5*f = 3*s - 1350 - 2315, -s = -w*f + 3645. Let a be 1/(-6) - f/(-60). Calculate the highest common factor of a and 30.
6
Let s be 29/(-87) - 100/(-3). Calculate the greatest common divisor of s and 2255.
11
Let r = 35 + -36. Let m be (r/2)/(147/(-72) - -2). Let p(d) = -d**2 + 14*d - 6. Let g be p(m). What is the highest common factor of g and 27?
9
Suppose -4*s - 35 + 51 = 0. Suppose 2*y - 100 = -2*m, 3*y + m = s*m + 156. Calculate the greatest common divisor of y and 357.
51
Let d be 50/200 + (14675/20 - -1). Let w be ((-567)/18)/(3/(-4)). Calculate the highest common divisor of d and w.
21
Let d be 5 + (-9 - -10) + 1. Suppose -4*o = 3*k - 5034, d*k